{"id":18,"date":"2020-06-18T19:50:33","date_gmt":"2020-06-18T19:50:33","guid":{"rendered":"http:\/\/movemadeira.com\/move\/?page_id=18"},"modified":"2025-07-31T16:48:06","modified_gmt":"2025-07-31T16:48:06","slug":"sobre","status":"publish","type":"page","link":"https:\/\/movemadeira.com\/move\/","title":{"rendered":"Sobre"},"content":{"rendered":"\n<p class=\"has-small-font-size\">O MOVE nasceu, h\u00e1 pouco mais de uma d\u00e9cada, pela vontade de antigos alunos de artes da Universidade da Madeira (UMa) em dinamizar a cultura na cidade, atrav\u00e9s de diversas a\u00e7\u00f5es culturais, com o intuito de promover a interven\u00e7\u00e3o e reflex\u00e3o da obra no espa\u00e7o urbano.<\/p>\n\n\n\n<!--more-->\n\n\n\n<p class=\"has-small-font-size\">Filipa  Jasmins Freitas e F\u00e1bio Teles foram os respons\u00e1veis pelo desenvolvimento do projeto, ent\u00e3o apresentado como \u201cMovimento de Vontade de Express\u00e3o\u201d, que visou desafiar os criativos das diversas \u00e1reas de express\u00e3o art\u00edstica a congregar ideias e projetos, fomentando a produ\u00e7\u00e3o do trabalho art\u00edstico independente, tornando-o acess\u00edvel ao p\u00fablico atrav\u00e9s do estabelecimento de uma rela\u00e7\u00e3o direta entre a pr\u00e1tica art\u00edstica e a sua frui\u00e7\u00e3o.<\/p>\n\n\n\n<p class=\"has-small-font-size\">Enquanto agentes culturais, consideravam premente e determinante a dinamiza\u00e7\u00e3o cultural urbana atrav\u00e9s de novas abordagens contempor\u00e2neas e diversificadas com enfoque na produ\u00e7\u00e3o art\u00edstica regional, valorizando-a e validando-a, como tamb\u00e9m impulsionar a sua abertura para novos mercados art\u00edsticos emergentes, nacionais e internacionais.<\/p>\n\n\n\n<p class=\"has-small-font-size\"><strong>2008<\/strong><\/p>\n\n\n\n<p class=\"has-small-font-size\">O movimento estreia-se com uma apari\u00e7\u00e3o p\u00fablica inserida no \u00e2mbito das Comemora\u00e7\u00f5es dos 500 Anos da Cidade do Funchal, juntamente com a Edicarte, onde debuta publicamente, na placa central da Avenida Arriaga, por um per\u00edodo de 30 dias, as instala\u00e7\u00f5es intituladas \u201cStop\u201d, da autoria de Filipa Freitas; \u201cLabirinto\u201d, de Sofia Fernandes; e \u201cEspelhos\u201d, de Filipe Ant\u00f3nio.<\/p>\n\n\n\n<p class=\"has-small-font-size\"><strong>2010<\/strong><\/p>\n\n\n\n<p class=\"has-small-font-size\">Com o seu conceito solidificado, o MOVE organiza uma exposi\u00e7\u00e3o coletiva, patente no Col\u00e9gio dos Jesu\u00edtas \u2013 Reitoria da UMa, que reuniu 13 jovens artistas regionais, numa simbiose de trabalhos que diversificaram entre a pintura, a escultura e instala\u00e7\u00e3o.<\/p>\n\n\n\n<p class=\"has-small-font-size\"><strong>2013<\/strong><\/p>\n\n\n\n<p class=\"has-small-font-size\">A convite da Edicarte, da C\u00e2mara Municipal do Funchal e da Universidade da Madeira, o MOVE inicia uma parceria com o intuito de desenvolver um conceito para a organiza\u00e7\u00e3o de uma mostra p\u00fablica de arte a ser inserida nas Festas da Cultura do Funchal. O evento contou com a participa\u00e7\u00e3o de diversos artistas que, numa manh\u00e3, desenvolveram a pr\u00e1tica art\u00edstica ao vivo, tendo sido criado um momento \u00fanico e poucas vezes observado no contexto regional: a produ\u00e7\u00e3o e frui\u00e7\u00e3o da obra em simult\u00e2neo.<\/p>\n\n\n\n<p class=\"has-small-font-size\"><strong>2015<\/strong><\/p>\n\n\n\n<p class=\"has-small-font-size\">Em parceria com a NOS Summer Opening 2015, o MOVE promove, no Parque de Santa Catarina, o Concurso de Instala\u00e7\u00e3o Criativa que envolveu artistas de diversas \u00e1reas interventivas. Tratou-se de um projeto piloto de inova\u00e7\u00e3o urbana, que visou capacitar pessoas criativas a gerar solu\u00e7\u00f5es, projetos inovadores que transformassem e potenciassem espa\u00e7os e parques na Cidade do Funchal.<\/p>\n\n\n\n<p class=\"has-small-font-size\"><strong>2020<\/strong> <\/p>\n\n\n\n<p class=\"has-small-font-size\">O MOVE deixa de ser um movimento e passa a Associa\u00e7\u00e3o, adotando a denomina\u00e7\u00e3o MOVE \u2013 Associa\u00e7\u00e3o Cultural, Criativa e Art\u00edstica da Madeira.<\/p>\n\n\n\n<p class=\"has-small-font-size\">Uma associa\u00e7\u00e3o sem fins lucrativos que tem como objecto principal a cria\u00e7\u00e3o, divulga\u00e7\u00e3o de projetos criativos e de eventos destinados \u00e0 valoriza\u00e7\u00e3o da express\u00e3o criativa e do patrim\u00f3nio material e imaterial.<\/p>\n\n\n\n<p class=\"has-small-font-size\">Tem como membros fundadores diversas pessoas ligadas de forma profissional e acad\u00e9mica \u00e0s mais variadas formas de arte na Regi\u00e3o Aut\u00f3noma da Madeira, desde a dan\u00e7a passando pelas artes criativas como a pintura e escultura, at\u00e9 \u00e0 dire\u00e7\u00e3o de artistas ligados ao teatro e a interven\u00e7\u00f5es no espa\u00e7o p\u00fablico, associadas ao cartaz tur\u00edstico da Madeira.<\/p>\n\n\n\n<p class=\"has-small-font-size\">A MOVE tem o objetivo claro desenvolver, ao longo destes 4 anos e at\u00e9 2024, protocolos com polos criativos e sociais bem como com as C\u00e2maras Municipais da regi\u00e3o, com o intuito de desenvolver projetos que potenciem o talento criativo e a Cultura das cidades e vilas da nossa regi\u00e3o.<\/p>\n\n\n\n<p class=\"has-small-font-size\"><strong>2022<\/strong><\/p>\n\n\n\n<p class=\"has-small-font-size\">A MOVE inicia um protocolo com a Secretaria Regional da Cultura, de forma a desenvolver o projeto ARTWALK, que na primeira edi\u00e7\u00e3o ir\u00e1 contar com a homenagem ao escultor \/ criativo Maruricio Fernandes.<\/p>\n\n\n\n<p class=\"has-small-font-size\">Esta esposi\u00e7\u00e3o | Instala\u00e7\u00e3o Itenerante conta com a participa\u00e7\u00e3o de v\u00e1rios artistas regionais, convidados , a desenvolver uma pe\u00e7a para homenagear Mauricio Fernandes. <\/p>\n\n\n\n<p class=\"has-small-font-size\"> ARTWALK &#8211; Ir\u00e1 percorrer 8 concelhos da Regi\u00e3o Autonoma da Madeira at\u00e9 31 de Dezembro de 2023<\/p>\n\n\n\n<p class=\"has-small-font-size\"><strong>2022<\/strong><\/p>\n\n\n\n<p class=\"has-small-font-size\">A MOVE inicia um protocolo com a Secretaria Regional da Cultura, de forma a desenvolver o projeto ARTWALK, que na primeira edi\u00e7\u00e3o ir\u00e1 contar com a homenagem ao escultor \/ criativo Maruricio Fernandes.<\/p>\n\n\n\n<p class=\"has-small-font-size\">Esta esposi\u00e7\u00e3o | Instala\u00e7\u00e3o Itenerante conta com a participa\u00e7\u00e3o de v\u00e1rios artistas regionais, convidados , a desenvolver uma pe\u00e7a para homenagear Mauricio Fernandes. <\/p>\n\n\n\n<p class=\"has-small-font-size\"> ARTWALK &#8211; Ir\u00e1 percorrer 8 concelhos da Regi\u00e3o Autonoma da Madeira at\u00e9 31 de Dezembro de 2023<\/p>\n\n\n\n<p class=\"has-small-font-size\"><strong>2023<\/strong><\/p>\n\n\n\n<p class=\"has-small-font-size\">Tivemos um ano com 2 apresenta\u00e7\u00f5es distintas, a primeira aconteceu durante 1 m\u00eas, entre 28 de abril e 28 de maio, intitulada Flowers of war com dire\u00e7\u00e3o criativa de Filipa Jasmins Freitas. Flowers of War foi uma instala\u00e7\u00e3o que integrou as festividade da Festa da Flor do Concelho de Santa Cruz.<\/p>\n\n\n\n<p class=\"has-small-font-size\">Colours in The Dark foi o 2\u00ba projeto de produ\u00e7\u00e3o da MOVE e tambem com dire\u00e7\u00e3o criativa de Filipa Jasmins Freitas. Esta foi a 1\u00aa Mostra de Instala\u00e7\u00f5es artisticas_Funchal 2023 que aconteceu entre os dias 25, 26 e 27 de agosto nos Jardins da Quinta M\u00e1gn\u00f3lia.<\/p>\n\n\n\n<p class=\"has-small-font-size\"><strong>2024<\/strong><\/p>\n\n\n\n<p class=\"has-small-font-size\">Este ano contou com dois projetos em apresenta\u00e7\u00e3o ao publico, Light Garden &#8211; uma instala\u00e7\u00e3o de luz com dire\u00e7\u00e3o de Filipa Jasmins Freitas no Concelho de Santa Cruz aquando da celebra\u00e7\u00e3o do Sancta Cruz em flor que contou com a apresenta\u00e7\u00e3o de projetos diversos de v\u00e1rios artistas pl\u00e1sticos. <\/p>\n\n\n\n<p class=\"has-small-font-size\">Recycle ME foi o 2\u00ba projeto de produ\u00e7\u00e3o da MOVE e tambem com dire\u00e7\u00e3o criativa de Filipa Jasmins Freitas. Esta Exposi\u00e7\u00e3o contou com a presen\u00e7a de v\u00e1rios artistas madeirenses como Evangelina Sirgado de Sousa e de F\u00e1tima Spinola e ainda a participa\u00e7\u00e3o de interven\u00e7\u00f5es de alunos de multimedia das Escolas Secund\u00e1rias da Francisco Franco e Apel. Recycle ME aconteceu entre 25 de Outubro e 3 de Novembro nos Jardins da Quinta M\u00e1gn\u00f3lia. e contou com o apoio da D&#8217;Gartes, Secretaria Regional do Turismo e Cultura, C\u00e2mara Municiapl do Funchal.<\/p>\n","protected":false},"excerpt":{"rendered":"<p>O MOVE nasceu, h\u00e1 pouco mais de uma d\u00e9cada, pela vontade de antigos alunos de artes da Universidade da Madeira (UMa) em dinamizar a cultura na cidade, atrav\u00e9s de diversas a\u00e7\u00f5es culturais, com o intuito de promover a interven\u00e7\u00e3o e reflex\u00e3o da obra no espa\u00e7o urbano.<\/p>\n","protected":false},"author":1,"featured_media":0,"parent":0,"menu_order":0,"comment_status":"closed","ping_status":"closed","template":"","meta":[],"_links":{"self":[{"href":"https:\/\/movemadeira.com\/move\/wp-json\/wp\/v2\/pages\/18"}],"collection":[{"href":"https:\/\/movemadeira.com\/move\/wp-json\/wp\/v2\/pages"}],"about":[{"href":"https:\/\/movemadeira.com\/move\/wp-json\/wp\/v2\/types\/page"}],"author":[{"embeddable":true,"href":"https:\/\/movemadeira.com\/move\/wp-json\/wp\/v2\/users\/1"}],"replies":[{"embeddable":true,"href":"https:\/\/movemadeira.com\/move\/wp-json\/wp\/v2\/comments?post=18"}],"version-history":[{"count":21,"href":"https:\/\/movemadeira.com\/move\/wp-json\/wp\/v2\/pages\/18\/revisions"}],"predecessor-version":[{"id":521,"href":"https:\/\/movemadeira.com\/move\/wp-json\/wp\/v2\/pages\/18\/revisions\/521"}],"wp:attachment":[{"href":"https:\/\/movemadeira.com\/move\/wp-json\/wp\/v2\/media?parent=18"}],"curies":[{"name":"wp","href":"https:\/\/api.w.org\/{rel}","templated":true}]}}